{"id":3321,"date":"2013-09-09T22:25:32","date_gmt":"2013-09-09T22:25:32","guid":{"rendered":"http:\/\/techdami.com\/site\/?page_id=3321"},"modified":"2019-02-01T21:29:35","modified_gmt":"2019-02-01T21:29:35","slug":"quienes-somos","status":"publish","type":"page","link":"http:\/\/techdami.com\/site\/?page_id=3321","title":{"rendered":"Quienes Somos"},"content":{"rendered":"<p>TECHDAMI \/ MDT, es una empresa bien posicionada en el mercado Ecuatoriano con m\u00e1s de\u00a0once a\u00f1os de experiencia. Nuestro principal objetivo es la comercializaci\u00f3n de dispositivos de almacenamiento de memoria.<\/p>\n<p>Somos importadores directos de las marcas m\u00e1s prestigiosas que se encuentran en IT industria. Siempre apostamos por nuevos productos y marcas que llenen las exigencias de calidad, durabilidad y precio, con lo cual proporcionamos una gama de posibilidades a nuestros clientes; lo que representa una ventaja en un mercado muy competitivo.<\/p>\n<p>Nuestra intachable pol\u00edtica de negocio y nuestro arduo trabajo nos a llevado a obtener la exclusividad en la distribuci\u00f3n de marcas tales como: PQI, PNY, HP (en toda su gama)<\/p>\n<p>Pen drives, Tarjetas de Memoria, (4GB, 8GB, 16GB, 32GB), Discos Duros Toshiba (1TB y 2TB).<\/p>\n<p>En nuestro portafolio de clientes figuran importantes empresas con presencia a nivel nacional.<\/p>\n<p>TECHDAMI, cree en relaciones a largo plazo por eso cada cliente es muy importante para nosotros. Denos la oportunidad de servirle y haremos todo lo posible por proporcionarle el mejor valor del mercado.<\/p>\n","protected":false},"excerpt":{"rendered":"<p>TECHDAMI \/ MDT, es una empresa bien posicionada en el mercado Ecuatoriano con m\u00e1s de\u00a0once a\u00f1os de experiencia. Nuestro principal objetivo es la comercializaci\u00f3n de dispositivos de almacenamiento de memoria. Somos importadores directos de las marcas m\u00e1s prestigiosas que se encuentran en IT industria. Siempre apostamos por nuevos productos y marcas que llenen las exigencias [&hellip;]<\/p>\n","protected":false},"author":1,"featured_media":3322,"parent":0,"menu_order":0,"comment_status":"closed","ping_status":"closed","template":"","meta":[],"_links":{"self":[{"href":"http:\/\/techdami.com\/site\/index.php?rest_route=\/wp\/v2\/pages\/3321"}],"collection":[{"href":"http:\/\/techdami.com\/site\/index.php?rest_route=\/wp\/v2\/pages"}],"about":[{"href":"http:\/\/techdami.com\/site\/index.php?rest_route=\/wp\/v2\/types\/page"}],"author":[{"embeddable":true,"href":"http:\/\/techdami.com\/site\/index.php?rest_route=\/wp\/v2\/users\/1"}],"replies":[{"embeddable":true,"href":"http:\/\/techdami.com\/site\/index.php?rest_route=%2Fwp%2Fv2%2Fcomments&post=3321"}],"version-history":[{"count":5,"href":"http:\/\/techdami.com\/site\/index.php?rest_route=\/wp\/v2\/pages\/3321\/revisions"}],"predecessor-version":[{"id":3879,"href":"http:\/\/techdami.com\/site\/index.php?rest_route=\/wp\/v2\/pages\/3321\/revisions\/3879"}],"wp:featuredmedia":[{"embeddable":true,"href":"http:\/\/techdami.com\/site\/index.php?rest_route=\/wp\/v2\/media\/3322"}],"wp:attachment":[{"href":"http:\/\/techdami.com\/site\/index.php?rest_route=%2Fwp%2Fv2%2Fmedia&parent=3321"}],"curies":[{"name":"wp","href":"https:\/\/api.w.org\/{rel}","templated":true}]}}